.
4
Suppose 2*x = -x, -3*s + 297 = -5*x. What is the greatest common divisor of 165 and s?
33
Suppose 0 = -10*y + 84 - 64. Calculate the greatest common factor of 3 and y.
1
Let i be (-910)/(-15) + 16/(-24). What is the greatest common divisor of i and 20?
20
Suppose -2*j + 228 = -32. What is the greatest common divisor of j and 52?
26
Let b(i) = 0*i + 0*i + 13 - 6 + 3*i. Let x be b(0). Suppose -x*y = 22 - 120. Calculate the greatest common divisor of 21 and y.
7
Suppose 0 = 3*r + 2*c - 4598, -5*r - c + 3067 = -3*r. Let h be 4/((-8)/3)*r/(-72). Calculate the highest common factor of 288 and h.
32
Let c(s) = -2*s**2 + 9*s + 23. Let i be c(6). Calculate the greatest common divisor of 5 and i.
5
Let z = 397 + -363. Calculate the greatest common divisor of 68 and z.
34
Let c(b) = b**3 - 9*b**2 + 11*b - 8. Let q be (-24)/(-60) + (-26)/(-10). Suppose q + 5 = u. Let k be c(u). Calculate the highest common divisor of 48 and k.
16
Let i(b) = 124*b - 2. Let n be i(1). Let f = -86 + n. Suppose 0*k = -2*k + f. Calculate the greatest common divisor of 27 and k.
9
Let f = -10 - -10. Let i = -12 - f. Let y = -8 - i. Calculate the highest common factor of y and 12.
4
Suppose 68*h + 28 = 70*h. Suppose 10 = 3*j - h. Calculate the highest common divisor of j and 176.
8
Suppose 16 = 3*b - 5*h, 3*b + 2 = -h + 6. Let s be ((-279)/(-6))/(2/4). Suppose l + s = b*l. What is the greatest common factor of l and 31?
31
Let t(w) = 11*w + 1. Let q be t(1). Suppose 3*u - 5*u = -120. What is the greatest common divisor of u and q?
12
Let q(k) = -2*k + 3. Let f be q(-8). Let w be (-16)/(-7) + 6/(-21). Suppose -w*r = 28 - 446. Calculate the highest common divisor of r and f.
19
Let q be 4*(1 + (-15)/20) - -104. Let p = 2 + -2. Suppose -2*z + 51 - 9 = p. What is the greatest common divisor of z and q?
21
Suppose -s = -23 - 120. Suppose -5*n + n + s = 5*j, 0 = 2*n - 5*j - 79. Let d be 0 + -1 + 4 + n. What is the greatest common factor of d and 10?
10
Let r be 1430/52*(-4)/(-5). What is the greatest common factor of r and 77?
11
Let v(f) = -f**3 + 25*f**2 - 25*f + 57. Let r be v(24). Let s(t) = 298*t**2 - 1. Let w be s(1). What is the greatest common factor of r and w?
33
Let x(d) = 11*d**2 - 3*d. Let u be x(-2). Let w = -22 + u. Calculate the highest common divisor of w and 308.
28
Let d = -181 - -313. Let m be (-16)/(-10)*75/10. Calculate the greatest common divisor of m and d.
12
Suppose 4*r - 14 = -3*f, r - 1 = 4. Let h be (-243)/(-2) + f/4. Let b = -73 + h. Calculate the greatest common factor of 6 and b.
6
Let g(i) = -2*i + 8. Let d be g(-4). Let f = 42 - d. Calculate the greatest common divisor of f and 208.
26
Let w = -246 - -318. Calculate the greatest common divisor of 24 and w.
24
Let j = 1450 + -1153. Let l(a) = 28*a**3 - 2*a + 1. Let p be l(1). Calculate the greatest common divisor of p and j.
27
Let z be (7/(-4))/(2/(-16)). Suppose -2*r + 9 = r. Suppose -4*i + 56 = 5*g, -r*i + 4*g + 42 = -0*i. Calculate the highest common factor of i and z.
14
Let f(x) = -x**2 + 21*x + 10. Let n = 11 - 8. Suppose -35 - 7 = -n*w. Let u be f(w). Calculate the highest common divisor of u and 12.
12
Suppose -5*z = -17 - 48. Let g be (-1)/((-21)/(-90)) + 8/28. Let l be (4/g + 0)*2 + 67. Calculate the highest common factor of l and z.
13
Let y = 316 - 272. Calculate the highest common factor of y and 8.
4
Suppose -4 = -3*a + 5. Let o be a + (-1 - -10)/1. Suppose j - 3*j = -o. What is the greatest common divisor of j and 18?
6
Suppose n + 0*n - 2 = 0. Let z be n/(3 - 1) - -8. Calculate the greatest common factor of z and 9.
9
Suppose 0 = 2*l + 5*t - 1215, -4*l - 3*t + 2410 = 1. Calculate the greatest common factor of l and 96.
24
Let r = -44 + 47. Suppose w + 2*l - 21 = -l, 5*w = -r*l + 165. Let n = 97 + 155. What is the highest common factor of n and w?
36
Suppose 96 = 4*p - 0*p. Let w(v) = -v**3 - 9*v**2 - 16*v + 18. Let q be w(-6). What is the highest common divisor of p and q?
6
Let m be 561/374*362/3. Calculate the greatest common factor of 1 and m.
1
Suppose -416 + 384 = -4*i. Calculate the greatest common factor of 44 and i.
4
Suppose -1355 = -22*l + 5377. What is the greatest common factor of l and 34?
34
Let s = -12 + 15. Suppose s*z = 2*n - 4*n + 19, 9 = 2*z + 5*n. Let i be (16/4 + 1)*z. What is the greatest common divisor of i and 5?
5
Suppose -3*d + 48 = 4*i, 3*i - 28 + 5 = d. Suppose -7 = -2*k - i. Let g(s) = -7*s**3. Let a be g(k). Calculate the greatest common divisor of a and 56.
7
Let j(c) = c**3 + 33*c**2 - 42*c - 166. Let k be j(-34). Calculate the highest common factor of k and 4.
2
Let g be 2/(-6) + 5 + (-44)/(-6). Suppose 0 = 10*t - g*t + 26. Calculate the greatest common divisor of t and 13.
13
Let g(z) = 2*z**2 - 14*z - 31. Let m be g(-8). What is the highest common divisor of 57 and m?
19
Suppose 2*q = 3*b - 0*q - 454, 0 = 3*b - 4*q - 446. What is the greatest common factor of 56 and b?
14
Let j(n) = -n**3 + 8*n**2 + 8*n - 3. Suppose -27 = -5*s + 3*v, 5*s - 3*s - 8 = 4*v. Let l be j(s). What is the highest common factor of l and 13?
13
Suppose a - 2*y = 3583, 0 = -2*a - 14*y + 19*y + 7169. What is the highest common factor of a and 49?
49
Let h(s) be the third derivative of s**5/30 - 11*s**4/24 - 5*s**3/6 + 23*s**2. Let x be h(8). Calculate the highest common factor of 5 and x.
5
Let d(u) = 3*u - 45. Let y be d(31). Calculate the highest common factor of y and 64.
16
Suppose 3*k = 111 + 81. Let r(i) = 7 - 16*i - 5*i - 6*i**2 - 43 + 5*i**2. Let p be r(-17). Calculate the greatest common divisor of p and k.
32
Let v(c) = 2*c**3 - 14*c**2 + 41*c + 5. Let t be v(12). What is the greatest common factor of 13 and t?
13
Let t be (104/(-20) + 4)/(5/(-25)). Let w(d) = 7*d - 2. Let k be w(2). What is the greatest common factor of k and t?
6
Suppose 2*q - 2 = -w + 62, 4*q + 52 = w. Suppose 5*j + 1 = 3*o, -5*o + 3 = 4*j + 26. Let p = 12 - o. What is the highest common factor of p and w?
15
Let k be 0 + 2 + 14 + 1. Let x = -11 + k. Suppose 0*q = -5*q + 30. What is the highest common divisor of q and x?
6
Suppose 4*v = v - 3. Let z be ((-38)/(-133))/(v/(-49)). What is the greatest common factor of 28 and z?
14
Let a = -111 + 94. Let q = 18 + a. What is the greatest common divisor of 9 and q?
1
Suppose 2*k - 98 = -2*t - 84, -5*t = -4*k - 80. Let b(h) = -h**3 - 2*h**2 + 2*h. Let x be b(-6). What is the greatest common factor of t and x?
12
Suppose 18*j - 81 = 45. Calculate the greatest common factor of j and 7.
7
Let q(i) = i + 23. Let n be q(-10). Let g = n + -12. Let s be g/((-3)/(-12)) - -77. Calculate the highest common divisor of s and 9.
9
Suppose -60 + 20 = 4*j. Let b = j - -40. Let w be ((-8)/(-6))/(2/30). Calculate the highest common divisor of b and w.
10
Suppose 4*o + 164 = -5*q + 2389, 0 = -o + 2*q + 566. What is the greatest common divisor of 40 and o?
40
Suppose 191*v - 2538 = 189*v. What is the greatest common divisor of v and 47?
47
Suppose 4*b - 2*u - 6710 = 0, 68*b - 73*b - 2*u + 8410 = 0. What is the greatest common factor of b and 56?
56
Suppose 3*p - 5*f - 15 = 0, 9*p = 6*p - 3*f + 15. What is the greatest common factor of 5 and p?
5
Let h be (1 - 0) + (-14)/(-7). Suppose h*l - 3 = 0, 21 = s + s - 5*l. What is the greatest common factor of 91 and s?
13
Let x = -1252 + 1427. Calculate the greatest common divisor of 775 and x.
25
Let w be (-2)/(-4)*(20 + -6). What is the greatest common divisor of w and 14?
7
Let a = -215 - -292. Calculate the greatest common divisor of 11 and a.
11
Let q = 7 + -4. Suppose 0 = -q*b - 4*o + 38, 0*b - 4*b + 34 = 2*o. Let v = -112 + 118. What is the greatest common divisor of v and b?
6
Let f(q) = 2*q**2 - 95*q - 638. Let k be f(-7). Calculate the highest common factor of k and 1375.
125
Suppose 38*x + 10*x = 12240. Calculate the greatest common divisor of 408 and x.
51
Let m(l) = l**2 - 11*l - 16. Let x be m(11). Let g(s) = s + 64. Let d be g(x). Calculate the greatest common divisor of 60 and d.
12
Let h = -507 + 531. Calculate the greatest common divisor of h and 84.
12
Let b(g) = -7*g - 32. Let a be b(-8). Let v be (-27)/18*(-40)/(-6). Let i(o) = -o**2 - 12*o - 8. Let k be i(v). What is the highest common factor of a and k?
12
Let z(j) = 3*j**2 - j + 4. Let u be z(-4). Calculate the greatest common factor of u and 1344.
56